{"id":419,"date":"2018-03-13T13:05:32","date_gmt":"2018-03-13T13:05:32","guid":{"rendered":"https:\/\/belagritapalace.com\/index.php\/suit-2\/"},"modified":"2018-06-19T14:12:48","modified_gmt":"2018-06-19T14:12:48","slug":"suite","status":"publish","type":"page","link":"https:\/\/belagritapalace.com\/index.php\/suite\/?lang=sq","title":{"rendered":"Suit"},"content":{"rendered":"<div class=\"wpb-content-wrapper\"><p>[vc_row][vc_column width=&#8221;1\/3&#8243; css=&#8221;.vc_custom_1520943513992{border-radius: 1px !important;}&#8221;][vc_column_text]<\/p>\n<p style=\"text-align: center;\"><span style=\"color: black; font-size: 37px;\"><span style=\"font-family: 'Playfair Display';\">SUITE<\/span><\/span><\/p>\n<p>[\/vc_column_text][vc_single_image image=&#8221;177&#8243; img_size=&#8221;full&#8221; alignment=&#8221;center&#8221; css=&#8221;.vc_custom_1520944730348{margin-top: -30px !important;}&#8221;][vc_column_text]<\/p>\n<p style=\"text-align: justify;\">Suite me nje krevat dopio ideale per cifte. Dhoma eshte e dizenjuar kendshem duke ofruar komoditet dhe siguruar relaksin e kerkuar. Kjo dhome disponon kondicioner, televizor plazem,\u00a0dollap. P\u00ebrmban tualet privat q\u00eb ka dush dhe thar\u00ebse flok\u00ebsh.<\/p>\n<p>[\/vc_column_text]<style type=\"text\/css\" data-type=\"the7_shortcodes-inline-css\">.carousel-shortcode.carousel-shortcode-id-a456ca6855b4ca723c8c9248ce5e0096.owl-carousel .owl-nav div {\n  width: 36px;\n  height: 36px;\n  border-radius: 500px;\n}\n.dt-arrow-border-on.carousel-shortcode.carousel-shortcode-id-a456ca6855b4ca723c8c9248ce5e0096.owl-carousel .owl-nav div:not(:hover):before {\n  border-width: 0px;\n}\n.dt-arrow-hover-border-on.carousel-shortcode.carousel-shortcode-id-a456ca6855b4ca723c8c9248ce5e0096.owl-carousel .owl-nav div:hover:after {\n  border-width: 0px;\n}\n.carousel-shortcode.carousel-shortcode-id-a456ca6855b4ca723c8c9248ce5e0096.owl-carousel .owl-nav div.owl-prev {\n  top: 50%;\n  transform: translateY(calc(-50% + 0px));\n  left: -43px;\n}\n@media all and (-ms-high-contrast: none) {\n  .carousel-shortcode.carousel-shortcode-id-a456ca6855b4ca723c8c9248ce5e0096.owl-carousel .owl-nav div.owl-prev {\n    transform: translateY(-50%);\n    margin-top: 0px;\n  }\n}\n.carousel-shortcode.carousel-shortcode-id-a456ca6855b4ca723c8c9248ce5e0096.owl-carousel .owl-nav div.owl-prev i {\n  padding: 0px 0px 0px 0px;\n}\n.carousel-shortcode.carousel-shortcode-id-a456ca6855b4ca723c8c9248ce5e0096.owl-carousel .owl-nav div.owl-next {\n  top: 50%;\n  transform: translateY(calc(-50% + 0px));\n  right: -43px;\n}\n@media all and (-ms-high-contrast: none) {\n  .carousel-shortcode.carousel-shortcode-id-a456ca6855b4ca723c8c9248ce5e0096.owl-carousel .owl-nav div.owl-next {\n    transform: translateY(-50%);\n    margin-top: 0px;\n  }\n}\n.carousel-shortcode.carousel-shortcode-id-a456ca6855b4ca723c8c9248ce5e0096.owl-carousel .owl-nav div.owl-next i {\n  padding: 0px 0px 0px 0px;\n}\n.carousel-shortcode.carousel-shortcode-id-a456ca6855b4ca723c8c9248ce5e0096.owl-carousel .owl-nav i {\n  font-size: 18px;\n}\n.carousel-shortcode.carousel-shortcode-id-a456ca6855b4ca723c8c9248ce5e0096.owl-carousel .owl-nav div:not(:hover) i,\n.carousel-shortcode.carousel-shortcode-id-a456ca6855b4ca723c8c9248ce5e0096.owl-carousel .owl-nav div:not(:hover) i:before {\n  color: #ffffff;\n  background: none;\n}\n.carousel-shortcode.carousel-shortcode-id-a456ca6855b4ca723c8c9248ce5e0096.owl-carousel .owl-nav div:hover i,\n.carousel-shortcode.carousel-shortcode-id-a456ca6855b4ca723c8c9248ce5e0096.owl-carousel .owl-nav div:hover i:before {\n  color: rgba(255,255,255,0.75);\n  background: none;\n}\n.carousel-shortcode.carousel-shortcode-id-a456ca6855b4ca723c8c9248ce5e0096 .owl-dots {\n  top: calc(100% + 20px);\n  left: 50%;\n  transform: translateX(calc(-50% + 0px));\n}\n@media all and (-ms-high-contrast: none) {\n  .carousel-shortcode.carousel-shortcode-id-a456ca6855b4ca723c8c9248ce5e0096 .owl-dots {\n    transform: translateX(-50%);\n    margin-left: 0px;\n  }\n}\n.carousel-shortcode.carousel-shortcode-id-a456ca6855b4ca723c8c9248ce5e0096 .owl-dot {\n  width: 10px;\n  height: 10px;\n  margin: 0 8px;\n}\n@media screen and (max-width: 778px) {\n  .carousel-shortcode.carousel-shortcode-id-a456ca6855b4ca723c8c9248ce5e0096.hide-arrows .owl-nav a {\n    display: none;\n  }\n}\n@media screen and (max-width: 778px) {\n  .carousel-shortcode.carousel-shortcode-id-a456ca6855b4ca723c8c9248ce5e0096.reposition-arrows .owl-nav .owl-prev {\n    top: 50%;\n    transform: translateY(calc(-50% + 0px));\n    left: 10px;\n  }\n  .carousel-shortcode.carousel-shortcode-id-a456ca6855b4ca723c8c9248ce5e0096.reposition-arrows .owl-nav .owl-next {\n    top: 50%;\n    transform: translateY(calc(-50% + 0px));\n    right: 10px;\n  }\n}\n@media screen and (max-width: 778px) and all and (-ms-high-contrast: none) {\n  .carousel-shortcode.carousel-shortcode-id-a456ca6855b4ca723c8c9248ce5e0096.reposition-arrows .owl-nav .owl-prev {\n    transform: translateY(-50%);\n    margin-top: 0px;\n  }\n}\n@media screen and (max-width: 778px) and all and (-ms-high-contrast: none) {\n  .carousel-shortcode.carousel-shortcode-id-a456ca6855b4ca723c8c9248ce5e0096.reposition-arrows .owl-nav .owl-next {\n    transform: translateY(-50%);\n    margin-top: 0px;\n  }\n}\n<\/style><div class=\"owl-carousel carousel-shortcode dt-owl-carousel-call carousel-shortcode-id-a456ca6855b4ca723c8c9248ce5e0096 bullets-small-dot-stroke reposition-arrows arrows-bg-on dt-arrow-border-on dt-arrow-hover-border-on disable-arrows-hover-bg arrows-hover-bg-on  \" data-scroll-mode=\"1\" data-col-num=\"4\" data-wide-col-num=\"4\" data-laptop-col=\"4\" data-h-tablet-columns-num=\"1\" data-v-tablet-columns-num=\"1\" data-phone-columns-num=\"1\" data-auto-height=\"true\" data-col-gap=\"20\" data-stage-padding=\"0\" data-speed=\"600\" data-autoplay=\"false\" data-autoplay_speed=\"6000\" data-arrows=\"true\" data-bullet=\"false\" data-next-icon=\"icon-ar-017-r\" data-prev-icon=\"icon-ar-017-l\">[vc_single_image image=&#8221;347&#8243; img_size=&#8221;30X30&#8243; alignment=&#8221;center&#8221;][vc_single_image image=&#8221;346&#8243; img_size=&#8221;30X30&#8243; alignment=&#8221;center&#8221;][vc_single_image image=&#8221;345&#8243; img_size=&#8221;30X30&#8243; alignment=&#8221;center&#8221;][vc_single_image image=&#8221;371&#8243; img_size=&#8221;30X30&#8243; alignment=&#8221;center&#8221;]<\/div>[\/vc_column][vc_column width=&#8221;2\/3&#8243; css=&#8221;.vc_custom_1520943498305{border-top-width: 1px !important;border-right-width: 1px !important;border-bottom-width: 1px !important;border-left-width: 1px !important;background-image: url(https:\/\/belagritapalace.com\/wp-content\/uploads\/2018\/03\/bcg-foto.png?id=162) !important;border-left-color: rgba(204,153,0,0.15) !important;border-left-style: solid !important;border-right-color: rgba(204,153,0,0.15) !important;border-right-style: solid !important;border-top-color: rgba(204,153,0,0.15) !important;border-top-style: solid !important;border-bottom-color: rgba(204,153,0,0.15) !important;border-bottom-style: solid !important;border-radius: 1px !important;}&#8221;]<style type=\"text\/css\" data-type=\"the7_shortcodes-inline-css\">.carousel-shortcode.carousel-shortcode-id-bfd39d718bdf7fe46fd8c90c605423cc.owl-carousel .owl-nav div {\n  width: 36px;\n  height: 36px;\n  border-radius: 500px;\n}\n.dt-arrow-border-on.carousel-shortcode.carousel-shortcode-id-bfd39d718bdf7fe46fd8c90c605423cc.owl-carousel .owl-nav div:not(:hover):before {\n  border-width: 0px;\n}\n.dt-arrow-hover-border-on.carousel-shortcode.carousel-shortcode-id-bfd39d718bdf7fe46fd8c90c605423cc.owl-carousel .owl-nav div:hover:after {\n  border-width: 0px;\n}\n.carousel-shortcode.carousel-shortcode-id-bfd39d718bdf7fe46fd8c90c605423cc.owl-carousel .owl-nav div.owl-prev {\n  top: 50%;\n  transform: translateY(calc(-50% + 0px));\n  left: -43px;\n}\n@media all and (-ms-high-contrast: none) {\n  .carousel-shortcode.carousel-shortcode-id-bfd39d718bdf7fe46fd8c90c605423cc.owl-carousel .owl-nav div.owl-prev {\n    transform: translateY(-50%);\n    margin-top: 0px;\n  }\n}\n.carousel-shortcode.carousel-shortcode-id-bfd39d718bdf7fe46fd8c90c605423cc.owl-carousel .owl-nav div.owl-prev i {\n  padding: 0px 0px 0px 0px;\n}\n.carousel-shortcode.carousel-shortcode-id-bfd39d718bdf7fe46fd8c90c605423cc.owl-carousel .owl-nav div.owl-next {\n  top: 50%;\n  transform: translateY(calc(-50% + 0px));\n  right: -43px;\n}\n@media all and (-ms-high-contrast: none) {\n  .carousel-shortcode.carousel-shortcode-id-bfd39d718bdf7fe46fd8c90c605423cc.owl-carousel .owl-nav div.owl-next {\n    transform: translateY(-50%);\n    margin-top: 0px;\n  }\n}\n.carousel-shortcode.carousel-shortcode-id-bfd39d718bdf7fe46fd8c90c605423cc.owl-carousel .owl-nav div.owl-next i {\n  padding: 0px 0px 0px 0px;\n}\n.carousel-shortcode.carousel-shortcode-id-bfd39d718bdf7fe46fd8c90c605423cc.owl-carousel .owl-nav i {\n  font-size: 18px;\n}\n.carousel-shortcode.carousel-shortcode-id-bfd39d718bdf7fe46fd8c90c605423cc.owl-carousel .owl-nav div:not(:hover) i,\n.carousel-shortcode.carousel-shortcode-id-bfd39d718bdf7fe46fd8c90c605423cc.owl-carousel .owl-nav div:not(:hover) i:before {\n  color: #ffffff;\n  background: none;\n}\n.carousel-shortcode.carousel-shortcode-id-bfd39d718bdf7fe46fd8c90c605423cc.owl-carousel .owl-nav div:hover i,\n.carousel-shortcode.carousel-shortcode-id-bfd39d718bdf7fe46fd8c90c605423cc.owl-carousel .owl-nav div:hover i:before {\n  color: rgba(255,255,255,0.75);\n  background: none;\n}\n.carousel-shortcode.carousel-shortcode-id-bfd39d718bdf7fe46fd8c90c605423cc .owl-dots {\n  top: calc(100% + 20px);\n  left: 50%;\n  transform: translateX(calc(-50% + 0px));\n}\n@media all and (-ms-high-contrast: none) {\n  .carousel-shortcode.carousel-shortcode-id-bfd39d718bdf7fe46fd8c90c605423cc .owl-dots {\n    transform: translateX(-50%);\n    margin-left: 0px;\n  }\n}\n.carousel-shortcode.carousel-shortcode-id-bfd39d718bdf7fe46fd8c90c605423cc .owl-dot {\n  width: 10px;\n  height: 10px;\n  margin: 0 8px;\n}\n@media screen and (max-width: 778px) {\n  .carousel-shortcode.carousel-shortcode-id-bfd39d718bdf7fe46fd8c90c605423cc.hide-arrows .owl-nav a {\n    display: none;\n  }\n}\n@media screen and (max-width: 778px) {\n  .carousel-shortcode.carousel-shortcode-id-bfd39d718bdf7fe46fd8c90c605423cc.reposition-arrows .owl-nav .owl-prev {\n    top: 50%;\n    transform: translateY(calc(-50% + 0px));\n    left: 10px;\n  }\n  .carousel-shortcode.carousel-shortcode-id-bfd39d718bdf7fe46fd8c90c605423cc.reposition-arrows .owl-nav .owl-next {\n    top: 50%;\n    transform: translateY(calc(-50% + 0px));\n    right: 10px;\n  }\n}\n@media screen and (max-width: 778px) and all and (-ms-high-contrast: none) {\n  .carousel-shortcode.carousel-shortcode-id-bfd39d718bdf7fe46fd8c90c605423cc.reposition-arrows .owl-nav .owl-prev {\n    transform: translateY(-50%);\n    margin-top: 0px;\n  }\n}\n@media screen and (max-width: 778px) and all and (-ms-high-contrast: none) {\n  .carousel-shortcode.carousel-shortcode-id-bfd39d718bdf7fe46fd8c90c605423cc.reposition-arrows .owl-nav .owl-next {\n    transform: translateY(-50%);\n    margin-top: 0px;\n  }\n}\n<\/style><div class=\"owl-carousel carousel-shortcode dt-owl-carousel-call carousel-shortcode-id-bfd39d718bdf7fe46fd8c90c605423cc bullets-small-dot-stroke reposition-arrows arrows-bg-off dt-arrow-border-on dt-arrow-hover-border-on disable-arrows-hover-bg arrows-hover-bg-on  \" data-scroll-mode=\"1\" data-col-num=\"1\" data-wide-col-num=\"1\" data-laptop-col=\"1\" data-h-tablet-columns-num=\"1\" data-v-tablet-columns-num=\"1\" data-phone-columns-num=\"1\" data-auto-height=\"true\" data-col-gap=\"30\" data-stage-padding=\"0\" data-speed=\"3000\" data-autoplay=\"false\" data-autoplay_speed=\"6000\" data-arrows=\"true\" data-bullet=\"false\" data-next-icon=\"icon-ar-017-r\" data-prev-icon=\"icon-ar-017-l\">[vc_single_image image=&#8221;519&#8243; img_size=&#8221;full&#8221; alignment=&#8221;center&#8221; onclick=&#8221;link_image&#8221; image_hovers=&#8221;false&#8221;][vc_single_image image=&#8221;521&#8243; img_size=&#8221;full&#8221; alignment=&#8221;center&#8221; onclick=&#8221;link_image&#8221; image_hovers=&#8221;false&#8221;][vc_single_image image=&#8221;523&#8243; img_size=&#8221;full&#8221; alignment=&#8221;center&#8221; onclick=&#8221;link_image&#8221; image_hovers=&#8221;false&#8221;][vc_single_image image=&#8221;537&#8243; img_size=&#8221;full&#8221; alignment=&#8221;center&#8221; onclick=&#8221;link_image&#8221; image_hovers=&#8221;false&#8221;][vc_single_image image=&#8221;539&#8243; img_size=&#8221;full&#8221; alignment=&#8221;center&#8221; onclick=&#8221;link_image&#8221; image_hovers=&#8221;false&#8221;][vc_single_image image=&#8221;533&#8243; img_size=&#8221;full&#8221; alignment=&#8221;center&#8221; onclick=&#8221;link_image&#8221; image_hovers=&#8221;false&#8221;][vc_single_image image=&#8221;531&#8243; img_size=&#8221;full&#8221; alignment=&#8221;center&#8221; onclick=&#8221;link_image&#8221; image_hovers=&#8221;false&#8221;][vc_single_image image=&#8221;495&#8243; img_size=&#8221;full&#8221; alignment=&#8221;center&#8221; onclick=&#8221;link_image&#8221; image_hovers=&#8221;false&#8221;][vc_single_image image=&#8221;525&#8243; img_size=&#8221;full&#8221; alignment=&#8221;center&#8221; onclick=&#8221;link_image&#8221; image_hovers=&#8221;false&#8221;][vc_single_image image=&#8221;529&#8243; img_size=&#8221;full&#8221; alignment=&#8221;center&#8221; onclick=&#8221;link_image&#8221; image_hovers=&#8221;false&#8221;]<\/div>[\/vc_column][\/vc_row][vc_row][vc_column][vc_empty_space height=&#8221;60px&#8221;][\/vc_column][\/vc_row][vc_row css=&#8221;.vc_custom_1521110032591{border-top-width: 2px !important;border-right-width: 1px !important;border-bottom-width: 1px !important;border-left-width: 1px !important;border-left-color: #cca327 !important;border-left-style: solid !important;border-right-color: #cca327 !important;border-right-style: solid !important;border-top-color: #cca327 !important;border-top-style: solid !important;border-bottom-color: #cca327 !important;border-bottom-style: solid !important;}&#8221;][vc_column][vc_single_image image=&#8221;201&#8243; img_size=&#8221;full&#8221; alignment=&#8221;center&#8221; css=&#8221;.vc_custom_1521110078558{margin-top: -55px !important;}&#8221;][vc_row_inner][vc_column_inner][vc_empty_space][vc_column_text]<\/p>\n<p style=\"text-align: center;\"><span style=\"color: black; font-size: 32px;\"><span style=\"font-family: 'Marguerite Regular';\">Ejani,\u00a0 Relaksohuni &amp; Shijoni<br \/>\n<\/span><\/span><\/p>\n<p>[\/vc_column_text][vc_column_text]<\/p>\n<p style=\"text-align: center;\"><span style=\"color: #000000;\">Vendi perfekt per te shijuar relaksin dhe qetesine e deshiruar. Ndihuni te vecante duke perjetuar eksperiencen unike qe Belagrita Palace ju ofron.<\/span><\/p>\n<p>[\/vc_column_text][vc_btn title=&#8221;Rezervo&#8221; style=&#8221;outline-custom&#8221; outline_custom_color=&#8221;#cca327&#8243; outline_custom_hover_background=&#8221;#cca327&#8243; outline_custom_hover_text=&#8221;#ffffff&#8221; align=&#8221;center&#8221; link=&#8221;url:https%3A%2F%2Fbelagritapalace.com%2Findex.php%2Fbook-now%2F%3Flang%3Dsq|||&#8221;][\/vc_column_inner][\/vc_row_inner][\/vc_column][\/vc_row]<\/p>\n<\/div>","protected":false},"excerpt":{"rendered":"<p>[vc_row][vc_column width=&#8221;1\/3&#8243; css=&#8221;.vc_custom_1520943513992{border-radius: 1px !important;}&#8221;][vc_column_text] SUITE [\/vc_column_text][vc_single_image image=&#8221;177&#8243; img_size=&#8221;full&#8221; alignment=&#8221;center&#8221; css=&#8221;.vc_custom_1520944730348{margin-top: -30px !important;}&#8221;][vc_column_text] Suite me nje krevat dopio ideale per cifte. Dhoma eshte e dizenjuar kendshem duke ofruar komoditet dhe siguruar relaksin e kerkuar. Kjo dhome disponon kondicioner, televizor plazem,\u00a0dollap. P\u00ebrmban tualet privat q\u00eb ka dush dhe thar\u00ebse flok\u00ebsh. [\/vc_column_text][\/vc_column][vc_column width=&#8221;2\/3&#8243; css=&#8221;.vc_custom_1520943498305{border-top-width: 1px !important;border-right-width: 1px&hellip;<\/p>\n","protected":false},"author":2,"featured_media":0,"parent":0,"menu_order":0,"comment_status":"closed","ping_status":"closed","template":"","meta":{"footnotes":""},"class_list":["post-419","page","type-page","status-publish","hentry","description-off"],"_links":{"self":[{"href":"https:\/\/belagritapalace.com\/index.php\/wp-json\/wp\/v2\/pages\/419","targetHints":{"allow":["GET"]}}],"collection":[{"href":"https:\/\/belagritapalace.com\/index.php\/wp-json\/wp\/v2\/pages"}],"about":[{"href":"https:\/\/belagritapalace.com\/index.php\/wp-json\/wp\/v2\/types\/page"}],"author":[{"embeddable":true,"href":"https:\/\/belagritapalace.com\/index.php\/wp-json\/wp\/v2\/users\/2"}],"replies":[{"embeddable":true,"href":"https:\/\/belagritapalace.com\/index.php\/wp-json\/wp\/v2\/comments?post=419"}],"version-history":[{"count":7,"href":"https:\/\/belagritapalace.com\/index.php\/wp-json\/wp\/v2\/pages\/419\/revisions"}],"predecessor-version":[{"id":768,"href":"https:\/\/belagritapalace.com\/index.php\/wp-json\/wp\/v2\/pages\/419\/revisions\/768"}],"wp:attachment":[{"href":"https:\/\/belagritapalace.com\/index.php\/wp-json\/wp\/v2\/media?parent=419"}],"curies":[{"name":"wp","href":"https:\/\/api.w.org\/{rel}","templated":true}]}}