{"id":399,"date":"2018-03-13T14:59:53","date_gmt":"2018-03-13T14:59:53","guid":{"rendered":"https:\/\/belagritapalace.com\/index.php\/214-2\/"},"modified":"2018-03-16T09:12:39","modified_gmt":"2018-03-16T09:12:39","slug":"dhome-dyshe","status":"publish","type":"page","link":"https:\/\/belagritapalace.com\/index.php\/dhome-dyshe\/?lang=sq","title":{"rendered":"Dhome Dyshe"},"content":{"rendered":"<div class=\"wpb-content-wrapper\"><p>[vc_row][vc_column width=&#8221;1\/3&#8243; css=&#8221;.vc_custom_1520943513992{border-radius: 1px !important;}&#8221;][vc_column_text]<\/p>\n<p style=\"text-align: center;\"><span style=\"color: black; font-size: 37px;\"><span style=\"font-family: 'Playfair Display';\">DHOME DYSHE<\/span><\/span><\/p>\n<p>[\/vc_column_text][vc_single_image image=&#8221;177&#8243; img_size=&#8221;full&#8221; alignment=&#8221;center&#8221; css=&#8221;.vc_custom_1520944730348{margin-top: -30px !important;}&#8221;][vc_column_text]<\/p>\n<p style=\"text-align: justify;\">Dhome dyshe ideale per nje familje ose per tre persona. Ka nje krevat dopio dhe nje krevat tek. Dhoma eshte e dizenjuar kendshem duke ofruar komoditet dhe siguruar relaksin e kerkuar. Kjo dhome disponon kondicioner, televizor plazem,\u00a0dollap. P\u00ebrmban tualet privat q\u00eb ka dush dhe thar\u00ebse flok\u00ebsh.<\/p>\n<p>[\/vc_column_text][bsf-info-box icon_type=&#8221;custom&#8221; icon_img=&#8221;id^93|url^https:\/\/belagritapalace.com\/wp-content\/uploads\/2018\/03\/air-conditioner-1-1.png|caption^null|alt^null|title^null|description^null&#8221; img_width=&#8221;35&#8243; icon_style=&#8221;advanced&#8221; icon_border_style=&#8221;solid&#8221; icon_color_border=&#8221;#bcbcbc&#8221; icon_border_size=&#8221;1&#8243; icon_border_radius=&#8221;500&#8243; icon_border_spacing=&#8221;10&#8243; icon_animation=&#8221;pulse&#8221; title=&#8221;Ajer i kondicionuar&#8221;][\/bsf-info-box][bsf-info-box icon_type=&#8221;custom&#8221; icon_img=&#8221;id^85|url^https:\/\/belagritapalace.com\/wp-content\/uploads\/2018\/03\/flatscreen-tv.png|caption^null|alt^null|title^null|description^null&#8221; img_width=&#8221;32&#8243; icon_style=&#8221;advanced&#8221; icon_border_style=&#8221;solid&#8221; icon_color_border=&#8221;#bcbcbc&#8221; icon_border_size=&#8221;1&#8243; icon_border_radius=&#8221;500&#8243; icon_border_spacing=&#8221;10&#8243; icon_animation=&#8221;pulse&#8221; title=&#8221;TV Plazma&#8221; css_info_box=&#8221;.vc_custom_1520945724713{margin-top: -30px !important;}&#8221;][\/bsf-info-box][bsf-info-box icon_type=&#8221;custom&#8221; icon_img=&#8221;id^86|url^https:\/\/belagritapalace.com\/wp-content\/uploads\/2018\/03\/wifi-connection-signal-symbol.png|caption^null|alt^null|title^null|description^null&#8221; img_width=&#8221;35&#8243; icon_style=&#8221;advanced&#8221; icon_border_style=&#8221;solid&#8221; icon_color_border=&#8221;#bcbcbc&#8221; icon_border_size=&#8221;1&#8243; icon_border_radius=&#8221;500&#8243; icon_border_spacing=&#8221;10&#8243; icon_animation=&#8221;pulse&#8221; title=&#8221;WiFi&#8221; css_info_box=&#8221;.vc_custom_1520945740410{margin-top: -30px !important;}&#8221;][\/bsf-info-box][bsf-info-box icon_type=&#8221;custom&#8221; icon_img=&#8221;id^197|url^https:\/\/belagritapalace.com\/wp-content\/uploads\/2018\/03\/bathtub.png|caption^null|alt^null|title^null|description^null&#8221; img_width=&#8221;35&#8243; icon_style=&#8221;advanced&#8221; icon_border_style=&#8221;solid&#8221; icon_color_border=&#8221;#bcbcbc&#8221; icon_border_size=&#8221;1&#8243; icon_border_radius=&#8221;500&#8243; icon_border_spacing=&#8221;10&#8243; icon_animation=&#8221;pulse&#8221; title=&#8221;Tualet&#8221; css_info_box=&#8221;.vc_custom_1520945949697{margin-top: -30px !important;}&#8221;][\/bsf-info-box][\/vc_column][vc_column width=&#8221;2\/3&#8243; css=&#8221;.vc_custom_1520943498305{border-top-width: 1px !important;border-right-width: 1px !important;border-bottom-width: 1px !important;border-left-width: 1px !important;background-image: url(https:\/\/belagritapalace.com\/wp-content\/uploads\/2018\/03\/bcg-foto.png?id=162) !important;border-left-color: rgba(204,153,0,0.15) !important;border-left-style: solid !important;border-right-color: rgba(204,153,0,0.15) !important;border-right-style: solid !important;border-top-color: rgba(204,153,0,0.15) !important;border-top-style: solid !important;border-bottom-color: rgba(204,153,0,0.15) !important;border-bottom-style: solid !important;border-radius: 1px !important;}&#8221;][ultimate_carousel slides_on_desk=&#8221;1&#8243; slides_on_tabs=&#8221;1&#8243; slides_on_mob=&#8221;1&#8243;][vc_single_image image=&#8221;216&#8243; img_size=&#8221;full&#8221; style=&#8221;vc_box_shadow_3d&#8221;][\/ultimate_carousel][\/vc_column][\/vc_row][vc_row][vc_column][vc_empty_space][\/vc_column][\/vc_row][vc_row css=&#8221;.vc_custom_1520946465884{border-top-width: 2px !important;border-right-width: 1px !important;border-bottom-width: 1px !important;border-left-width: 1px !important;border-left-color: #cca327 !important;border-left-style: solid !important;border-right-color: #cca327 !important;border-right-style: solid !important;border-top-color: #cca327 !important;border-top-style: solid !important;border-bottom-color: #cca327 !important;border-bottom-style: solid !important;}&#8221;][vc_column][vc_single_image image=&#8221;201&#8243; img_size=&#8221;full&#8221; alignment=&#8221;center&#8221; css=&#8221;.vc_custom_1520946610701{margin-top: -55px !important;}&#8221;][vc_row_inner css=&#8221;.vc_custom_1520947259508{background-position: center !important;background-repeat: no-repeat !important;background-size: cover !important;}&#8221;][vc_column_inner][vc_column_text]<\/p>\n<p style=\"text-align: center;\"><span style=\"color: black; font-size: 32px;\"><span style=\"font-family: 'Marguerite Regular';\">Ejani,\u00a0 \u00a0Relaksohuni &amp; Shijoni<br \/>\n<\/span><\/span><\/p>\n<p>[\/vc_column_text][vc_column_text]<\/p>\n<p style=\"text-align: center;\"><span style=\"color: #000000;\">Vendi perfekt per te shijuar relaksin dhe qetesine e deshiruar. Ndihuni te vecante duke perjetuar eksperiencen unike qe Belagrita Palace ju ofron.<\/span><\/p>\n<p>[\/vc_column_text][vc_btn title=&#8221;Rezervo&#8221; style=&#8221;outline-custom&#8221; outline_custom_color=&#8221;#cca327&#8243; outline_custom_hover_background=&#8221;#cca327&#8243; outline_custom_hover_text=&#8221;#ffffff&#8221; align=&#8221;center&#8221;][\/vc_column_inner][\/vc_row_inner][\/vc_column][\/vc_row]<\/p>\n<\/div>","protected":false},"excerpt":{"rendered":"<p>[vc_row][vc_column width=&#8221;1\/3&#8243; css=&#8221;.vc_custom_1520943513992{border-radius: 1px !important;}&#8221;][vc_column_text] DHOME DYSHE [\/vc_column_text][vc_single_image image=&#8221;177&#8243; img_size=&#8221;full&#8221; alignment=&#8221;center&#8221; css=&#8221;.vc_custom_1520944730348{margin-top: -30px !important;}&#8221;][vc_column_text] Dhome dyshe ideale per nje familje ose per tre persona. Ka nje krevat dopio dhe nje krevat tek. Dhoma eshte e dizenjuar kendshem duke ofruar komoditet dhe siguruar relaksin e kerkuar. Kjo dhome disponon kondicioner, televizor plazem,\u00a0dollap. P\u00ebrmban tualet privat q\u00eb&hellip;<\/p>\n","protected":false},"author":2,"featured_media":0,"parent":0,"menu_order":0,"comment_status":"closed","ping_status":"closed","template":"","meta":{"footnotes":""},"class_list":["post-399","page","type-page","status-publish","hentry","description-off"],"_links":{"self":[{"href":"https:\/\/belagritapalace.com\/index.php\/wp-json\/wp\/v2\/pages\/399","targetHints":{"allow":["GET"]}}],"collection":[{"href":"https:\/\/belagritapalace.com\/index.php\/wp-json\/wp\/v2\/pages"}],"about":[{"href":"https:\/\/belagritapalace.com\/index.php\/wp-json\/wp\/v2\/types\/page"}],"author":[{"embeddable":true,"href":"https:\/\/belagritapalace.com\/index.php\/wp-json\/wp\/v2\/users\/2"}],"replies":[{"embeddable":true,"href":"https:\/\/belagritapalace.com\/index.php\/wp-json\/wp\/v2\/comments?post=399"}],"version-history":[{"count":2,"href":"https:\/\/belagritapalace.com\/index.php\/wp-json\/wp\/v2\/pages\/399\/revisions"}],"predecessor-version":[{"id":440,"href":"https:\/\/belagritapalace.com\/index.php\/wp-json\/wp\/v2\/pages\/399\/revisions\/440"}],"wp:attachment":[{"href":"https:\/\/belagritapalace.com\/index.php\/wp-json\/wp\/v2\/media?parent=399"}],"curies":[{"name":"wp","href":"https:\/\/api.w.org\/{rel}","templated":true}]}}